te (0 - (1 + -8) - (986 - 989)) + -39.
-29
What is 1096 + -1222 - (-85 + 0)?
-41
Evaluate (-41 - -19 - -15) + -35.
-42
Evaluate -15 + (13 - 2) + (-47 + 14 - -19) + 3.
-15
Evaluate (8 - ((7 - 8) + -11) - 11) + 24.
33
Evaluate -5 - 1 - 0 - (-102 + 231 + -158).
23
What is the value of 48 - (26 - 33 - 4) - 1?
58
-55 + 105 - 11 - (-1 - (0 - 0))
40
Evaluate 2 + -57 + 0 - -1 - (-47411 + 47421).
-64
Evaluate 1 + (55 - 35) + 28.
49
(-24 - ((14 - -5) + 6)) + 12
-37
What is -9 + 18 + 6 + 1 + -2 + (-10 - -3)?
7
Calculate -47 + 2 + (59 + -48 - 80).
-114
What is the value of 13268 - 13340 - (-1 - -27)?
-98
Evaluate -16 + (-5 - -2 - -18 - (284 - 276)) + 4.
-5
Evaluate (-3 - -5 - (57 + -68)) + -63.
-50
What is the value of 113 - 132 - (-8 + 6 + -64)?
47
115 - (91 - 55) - (35 + -4)
48
Calculate -11 + 28 + (-13 - -2) - 34 - -1.
-27
What is the value of (-11 - 3) + 15 + -1 + 1 - -6?
7
What is the value of -25 + -3 + (-11 - -86) - 0?
47
Evaluate 9 - ((-12 - -67) + -40).
-6
What is the value of -60 + 47 + 3 - ((4 - 3) + -25)?
14
-42 + -32 + 26 + 64
16
What is the value of -23 - -10 - (-80 + 74) - (0 + 18)?
-25
Calculate -39 + 30 + -3 - (1 - (2 - -7) - 3).
-1
38 - (-15 - (19 + 10 - 25))
57
(30 - (8 - -5)) + 15 - -15
47
Evaluate -5 - 34 - ((3 - 13) + -3 + -128 + 132).
-30
What is (-2 - -1) + 11 + (-121 - -13 - -31 - 5)?
-72
Calculate 0 + 7 - 6 - (29 - -18).
-46
What is the value of (-104 - -2) + (69 - -30)?
-3
What is -4 - (12 - (-25 - (15 - 2)) - -9)?
-63
Evaluate -965 - -903 - (-40 + 3).
-25
Evaluate (-1972 - -2061) + (2 - 62).
29
Evaluate -7 + 15 - (81 - 79).
6
Calculate -16 - -2 - (-19 + (-12 + -24 - -16)).
25
What is the value of 9 + -191 + 171 - (-74 - -1)?
62
36 - (-8 + 5) - 42
-3
What is -11 - (-2 - 16 - 39) - (-7 + -11)?
64
What is the value of -1 + (-19 - (-16 - 14)) - 16?
-6
What is -104 + 14 + 0 + (-6 - -10)?
-86
4 + 27 + -7 + -4 + 2
22
Calculate -74 + (-110 - -27) + 69.
-88
What is 7 - (-62 + -91 + 241)?
-81
Evaluate -47893 + 47943 + (2 - (-4 + (1 - 0) + 1)).
54
Calculate 29 + (-21 - -1 - 15) - -76.
70
Calculate 18 + -41 + -4 + (2 - -5 - 11).
-31
What is the value of (23 - 55) + 0 + 19 + -21 + 0?
-34
What is 21 + (17 - (13 - (22 - 3)))?
44
What is (2 - -34) + 6 - (4124 + -4148)?
66
1319 + -1305 + (0 + -1 + (1 - -2) - 8)
8
30 + (101 - (186 - 48))
-7
What is -59 - -3 - (-61 - (-79 + 58))?
-16
Calculate -33 - ((-3 - 3 - 23) + 4 + 12).
-20
What is 32 + (-8 - -53 - 63)?
14
(-6 - 27) + 23 + (-2 - 0) + 20
8
What is (-3 - -4) + 21 - (111 + -101)?
12
Calculate 392 + -407 + (0 - -1) + -7 + 5.
-16
Calculate 68 - ((22 - 49) + 29 - -20).
46
What is the value of (-18 - -10) + -29 + 35 - 34?
-36
Evaluate 32 - (33 + -10 - (-2 + 22)).
29
Evaluate 73 + (116 - 196) - (2 - (2 + 57)).
50
-98 - 8 - (-19 - -36 - 28)
-95
What is -22 + 4 + 155 - 75?
62
1 + -78 - (5095 - 5159)
-13
What is 2 + -3 + -9 - (58 + (-29 - (-16 + -2)))?
-57
Calculate -12 + 1 - (17 + -5 - -12 - -32).
-67
Calculate -87 + 29 + (22 - -1) + (-20 - -17) + -11.
-49
What is 1 + -38 + 91 - 54?
0
Calculate 12 + (-29 - -80) + -16 + -13.
34
Evaluate (-5 - (2 + -4)) + (137 - (72 - -54)).
8
Evaluate 1 + 13 + (-19 - (-10 + -5 + 4)).
6
(6 - 6) + -4 + -32 + 1
-35
68 + 12 + -132 + 11
-41
Evaluate ((-4 - -5) + -5 - (-4 + 9)) + 34 + -72.
-47
Evaluate 98 + -9 + (-15 - (4 + 3 - 6)).
73
What is -7 + -8 + 21 + (52 - (3 + -13))?
68
Calculate (-29 - (5 - 24)) + 19.
9
Calculate (91 + -238 - -48) + 92.
-7
Calculate 11 + 2 + (9 - -2) + (207 - 299) - 2.
-70
What is the value of -30695 - -30709 - (1 + 21)?
-8
Evaluate (7 - (-2 + 18)) + (-40 - (-2 - 3)).
-44
What is -32 - ((7 + -31 - -2) + 45)?
-55
What is (36 - 0) + (611 - 665)?
-18
Evaluate (7 + 9 + -4 - -16 - -9) + (1 - -2).
40
What is 89 - (-13 + 98) - 84?
-80
Calculate 2 - (16 + -32) - (-26 + 56) - -15.
3
Evaluate 54 - (-6 - (2 + -27)) - -20.
55
What is the value of -12 + (17 - -3) + 11 - 73?
-54
Evaluate 45 + 47 + -85 + -49.
-42
What is 3 + -33 + 27 + (12 - 13)?
-4
What is -56 + (-14 - ((1 - -4 - 7) + 0 + -7))?
-61
Calculate -6 - (8 - ((1 - -3) + -111 + 122)).
1
1 - 2 - (-866 + 869)
-4
Evaluate 189 + -193 - (93 + 11 - (0 - 0)).
-108
-107 + (132 - 96) + 12
-59
(37 - (19 - -46)) + 7 + 2
-19
What is the value of (5 - (3 - 12)) + (-33 - (5 - 23))?
-1
146 - (-62 + -8) - 91
125
What is the value of -9 - (-57 + -70 - -124)?
-6
Calculate -94 + -23 + (10 - ((18 - 3) + -15)).
-107
(1 + -8 + -18 + -7 - (-8 + -4)) + -9
-29
What is 62 + -64 + 5 + -39 - 0?
-36
What is the value of 14 - (11 + (-6 - -66 - -3))?
-60
Evaluate (0 - (0 + -13)) + (-75 - -107 - 43) - -30.
32
-30 - (-13 + 9 + -8) - (22 - -1)
-41
Calculate (-55 - -50 - 157) + 84.
-78
Calculate (85 + -2 - 2) + (1 - 0) - (-1353 + 1356).
79
Evaluate 30 + -18 + (-9 - (17 - 55)).
41
(-2 - 26) + (61 - -27 - 68) + -48
-56
Calculate (18 - 7) + -5 - (77 - 62).
-9
12 + 1 + (2 - 18) + (32 - 41 - -35)
23
What is 15 - 12 - 53 - (30 + -20)?
-60
What is the value of 98 + -3 + -36 + (12 - -23) - -16?
110
What is -8 + 61 - (18 + 46)?
-11
What is -1353 + 1331 + (4 - 2) + 63?
43
What is 7 + -8 + 2 - (301 + -221) - 15?
-94
Evaluate -6 + -7 + 6 + 1 + (10 - 13) + -23.
-32
Evaluate 70 - 0 - (4295 + -4254).
29
What is the value of (1 - -1) + -4 + -1 + (16 - 18) - -43?
38
Evaluate -1 + -4 - (47 + -57 + 5).
0
What is the value of 2 - (-246 + 226 - (-1 - 11))?
10
What is 37 + (22 - (25 - -7)) - -19?
46
1 + 5 + 4 + -3 - (37 + 40 + -20)
-50
What is -1 + 19 + (8 - 17) + 4 + 10?
23
What is the value of -32 - (12 + 42 - (-20 - 20))?
-126
What is the value of 384 + -369 - (-12 - -22)?
5
(-56 - 2) + (-1021 - -1008)
-71
Calculate 0 - -7 - (33 + 24 + (-45 - -14) + 23).
-42
(2652 - 2616) + (0 - 36)
0
0 - 5 - (-2 + -3 + (-63 - -59 - 3))
7
What is the value of (11 + -2 - 5) + -11 - (18 - (13 - -3))?
-9
Calculate 52 - 29 - (-20 + 11).
32
What is 4 + 1 - (-7 + 54 + -57)?
15
(-50 - (6 + -43) - (1 + -26)) + -24 - 64
-76
What is the value of -3 + (2 - (-7 - -14 - 10 - 5))?
7
What is 0 - 59 - (-21 + -3 + 11)?
-46
What is the value of -17 - -51 - -8 - 34 - (63 - (4 - 2))?
-53
Calculate 355 - 270 - (5 - -66).
14
What is -96 + 31 + 68 - (0 + -32 - -2)?
33
(-69 - -48) + (-1 - 6) - -28
0
31 - 0 - ((4 - (1 + -5) - 4) + 3)
24
Evaluate -37 - (-5 + 19 - 6 - 25).
-20
-17 - (108 - (65 - -18))
-42
30 + (4 - (53 + -41))
22
9 - (15 + (-15 - (3 - (69 - (9 - 14)))))
-62
Calculate -6 + 6 + (-3 - (11 - 5)) + 2 + 5.
-2
Evaluate 30 - ((7 - 11) + -10 + 15).
29
-2 + 13 + -557 + 542 + (3 + 6 - -4)
9
What is the value of 80 - (-316 - -277 - (-82 + -1))?
36
(-1 - (-1 + -1)) + (27 - (-156 - -146))
38
What is (37 - -9 - 17) + -25 + -68?
-64
Calculate -57 - (-53 - (20 - 46)) - -83.
53
Evaluate 2 + -2 - (13 - -30 - -22).
-65
Calculate -683 + 747 + (-5 - 80).
-21
What is (303 - 31 - 93) + -97?
82
Calculate (29 - (13 - -38 - 26)) + (-38 - -1).
-33
(-1820 + 1833 - (0 - -121)) + -15
-123
What is the value of -80 - ((52 - 153) + 31)?
-10
(0 - -13) + (151 - (39 - -51))
74
What is the value of 73 + (109 - (251 + -47))?
-22
What is (38 - (-1 + (-8 - 0) + 2)) + (39 - 44)?
40
What is -14 - (-274 - -265 - (-2 + 17)) - 13?
-3
What is 73 - ((84 - 65) + 71)?
-17
Evaluate 2 + -122 + -6 + 3 + 20 + -46 + 38.
-111
-37 + (-45 + 84 - -41) - 66
-23
What is 219 - 227 - (-50 + (7 - 5))?
40
(3 - 46 - 8) + 44 + 22
15
(88 - 112) + (-5 - 3) + -3
-35
What is -2 + -4 + 33 + (-22 - 5)?
0
Evaluate 1 + (-84 + 78 - (0 + 7)).
-12
Calculate (18 - 23) + 11 + -28 + 16 + (6 - 0).
0
Calculate 29 + -37 + -110 - (-2 + 9 - (3 - -1)).
-121
Evaluate 660 - 526 - (36 + 31).
67
Calculate (-17 - (-17 - -24)) + 16 - (-25 - 2).
19
-232 + 172 - (-67 + 4)
3
-14 - (82 + 6) - -97
-5
What is 59 - (20 - (19 + (-6 - 18)))?
34
What is the value of -78 + (19 + -28 - ((8 - 11) + -3))?
-81
What is 16 - 35 - -11 - ((-8 - -6) + -17)?
11
Evaluate -5 - (-3 - -1) - (-362 + 335).
24
What is 10 + (6 - (-19 - -17 - 17))?
35
Calculate (62 - 75) + ((-5 - 7) + 6 - -15).
-4
-5 + (-20 - -13) - 12
-24
What is (0 - 109) + (10 + 194 - 193)?
-98
What is 0 - 30 - -8 - 101?
-123
Evaluate -69 + -910 + 889 + (15 - (2 + -3)).
-74
What is -106 + (-96 - 13 - -97)?
-118
What is the value of -22 - (-17 - (11 + 61 + -19))?
48
What is the value of (-6 - 4) + -4 + -2 + (-7 - 38)?
-61
What is 1 - (-5 - (-1053 + 1060 - (-53 + -2 - 1)))?
69
Calculate -38 - ((1 - 11) + (-23 + 22 - -2)) - 10.
-39